 the prime factors of h + -2 + 0 - -5.
3
Suppose -122 = -t - 5*x, x - 9 = -2*x. List the prime factors of t.
107
Suppose -l = -2*l. Suppose -4*r = 7*w - 3*w - 20, 4*w - 12 = l. Suppose -5*u - 4*g + 38 = 0, 2*u - 10 = -g + r*g. What are the prime factors of u?
2, 3
List the prime factors of 25 - 2*(-1)/(-1).
23
Let s(r) = r**3 + 3*r**2 + r - 1. Let u be s(-3). What are the prime factors of -1 - (20*2)/u?
3
Let x = 3 + -4. Let r be 7 + 1/(2 + x). Suppose 0 = -2*p + 2 - r, 0 = 2*d - 3*p - 21. What are the prime factors of d?
2, 3
Suppose 4*z - 21 = -i, z - 2*z + 4 = 0. Let k be ((-3)/(-2))/(i/70). Suppose k = 5*f - 14. List the prime factors of f.
7
Suppose -v + 51 = -64. What are the prime factors of v?
5, 23
Suppose -4*p = -o + 89, 0 = -o + 4*o - p - 300. List the prime factors of o.
101
Suppose -4*v - 2*h + 132 = 0, 4*h - 62 = -2*v + 5*h. Suppose -3*n + v = -5*o - 8, o - 4 = 0. List the prime factors of n.
2, 5
Let s(i) = -2*i**2 + i. Let p be s(-1). Let q = 8 + p. List the prime factors of q.
5
Suppose 5*v - 20 = 4*v. What are the prime factors of v?
2, 5
Let m(l) = l**2 + 7*l - 6. Let k be m(-9). List the prime factors of ((-8)/(-6))/(k/198).
2, 11
Suppose 3*r = 2*r + 74. List the prime factors of r.
2, 37
What are the prime factors of (2 - 1)*(0 + 33)?
3, 11
Suppose -2*z = -4*n - 46, 5*z - 62 = 5*n + 38. What are the prime factors of z?
17
Let j(l) be the second derivative of l**3/6 + 5*l**2 + 4*l. List the prime factors of j(7).
17
Let p = 47 + -45. Let v = -23 + 68. Suppose -p*d + 7*d = v. What are the prime factors of d?
3
Let g(u) = -u**2 - 5*u + 18. Let s be g(8). Let a = 127 + s. What are the prime factors of a?
41
Suppose 2*f + 5*b - 315 = -f, 2*f + 4*b = 212. Suppose 0 = 5*y - f + 5. List the prime factors of y.
19
Let j(v) = -v**2 + 5. Let p(g) = -g**2 - 5*g. Let a be p(-5). Let o be j(a). Suppose -f + 7 - o = 0. What are the prime factors of f?
2
Suppose 7*u = 2*u. Suppose u = 2*b - 65 + 21. List the prime factors of b.
2, 11
Let z = -4 - -13. Let n be z/15 - (-114)/10. What are the prime factors of (n/8)/((-1)/(-2))?
3
Let n(b) be the second derivative of -b**5/20 - b**4/12 + 2*b**3/3 + 3*b**2/2 - 2*b. What are the prime factors of n(-3)?
3
Let g(n) be the third derivative of -n**4/24 + 2*n**2. Let u(w) = -w**2 + 5*w - 6. Let j be u(4). What are the prime factors of g(j)?
2
Let u = 968 - 630. List the prime factors of u.
2, 13
Let c = 12 + 17. What are the prime factors of c?
29
Let d be 60*(1/(-5) - -1). Suppose 4*l + 2*t = 4 + 62, 4*l - d = 4*t. What are the prime factors of l?
3, 5
Let t = -44 - -113. List the prime factors of t.
3, 23
Suppose 8*a = -492 + 1452. What are the prime factors of a?
2, 3, 5
Let t(r) = r**3 - r**2 + 5*r + 2. What are the prime factors of t(3)?
5, 7
Suppose 0 = m + m - 6. List the prime factors of 2/(-2)*(1 - m).
2
Let v(t) = -t**3 - 2*t**2 - 4*t - 3. Let r be v(-2). Let g = r + -3. Suppose -12 = g*a - 40. What are the prime factors of a?
2, 7
Suppose 2*o = -1 + 7. Let w(m) = m**2 + m - 1. List the prime factors of w(o).
11
Let j(d) = 6*d + 2. Let o = -13 - -17. List the prime factors of j(o).
2, 13
Let l(w) = w**3 - w**2 - 3*w - 2. Suppose -5 + 2 = -v. List the prime factors of l(v).
7
Let k(j) = j**2 + j + 3. Let b be k(0). Suppose -d + 2*w = d - 12, -4*d - b*w - 4 = 0. Suppose -3 = d*u - 21. List the prime factors of u.
3
Let t = 34 + -19. List the prime factors of t.
3, 5
Suppose 5*z - 490 = -0*z. What are the prime factors of z?
2, 7
Let o(u) = 4*u + 32. What are the prime factors of o(8)?
2
Let z(r) = -2*r**2 - 2 + 3*r + r**2 - r**2. Let k be z(2). List the prime factors of (-11)/k*16/4.
11
Let s = -5 - -5. What are the prime factors of (s/1 - 13)/(-1)?
13
Suppose 2*a + 2*a - 132 = 0. What are the prime factors of a?
3, 11
Let z(w) = w**3 - 7*w**2 + 4. Let v be z(7). Suppose 2*l = 6, -v*u - 4*l = -u - 63. List the prime factors of u.
17
Let t = 83 + -16. What are the prime factors of t?
67
Let i(v) = v**3 + 5*v**2 - 5*v + 5. Suppose 0 = -5*q + 3*q - 12. Let u be i(q). What are the prime factors of ((-4)/2)/(u/2)?
2
Let s(f) = 2*f - 4. Suppose 0 = -5*m - 5, 5*j + 0*m - 5*m = 0. Let u be 8 - (-2)/1*j. What are the prime factors of s(u)?
2
Let w(f) = -2*f + 42. What are the prime factors of w(0)?
2, 3, 7
Suppose 0 = 2*h - 4 + 10. Let d = h + 4. What are the prime factors of 1/(d/(-3))*-1?
3
Let i = 25 + -22. List the prime factors of i.
3
Let g be -6 - (0 - 0/2). Let y(j) = -2*j + 7. List the prime factors of y(g).
19
Let c(a) = 5*a**2 + 2*a - 2. Let g be c(1). Suppose -g*n + 16 = -2*d - 17, 8 = n + d. What are the prime factors of n?
7
Let h = 1 + 25. List the prime factors of h.
2, 13
Let t = -9 - -5. Let v be (11/t)/((-3)/(-12)). Let z = -5 - v. List the prime factors of z.
2, 3
Suppose v - 4*j = 22, 3*v - 4*j = 11 + 15. What are the prime factors of 1 + v + -2 + 7?
2
Suppose -7 = 4*k - 47. Let h = k + -7. What are the prime factors of h?
3
Let f be ((-12)/8)/((-9)/24). Suppose -3*h + 2*d + 76 = f*d, 3*d = 6. What are the prime factors of h?
2, 3
What are the prime factors of (-1136)/(-7) - (-4)/(-14)?
2, 3
Let i = 17 - 24. Let p = i + 4. Let r(s) = -s**2 - 3*s + 2. List the prime factors of r(p).
2
Let j = -9 - -8. Let g be 0 + 1 - (j - 19). List the prime factors of -1 + g + (-11 - -8).
17
Let q = -5 + -1. Let y be (q/(-2))/((-3)/(-28)). Suppose 0 = 4*a + 4*d - y, -a + 0*d + 1 = -5*d. List the prime factors of a.
2, 3
Suppose 5*u - 4*y = 185, 4*u = 2*y + 79 + 69. List the prime factors of u.
37
Let b = -6 + 13. List the prime factors of b.
7
Let q(v) = 5*v + 11*v**2 + 3*v**2 - 4*v. List the prime factors of q(1).
3, 5
Suppose -t = -1 - 28. List the prime factors of t.
29
Suppose 49 = 5*l - 26. Let i = 40 - l. Suppose -3*r + i = 2*r. List the prime factors of r.
5
Let q be 2 + -17 + -3 + 2. Let h = q + 33. List the prime factors of h.
17
Let b(q) = q**2 + 3*q - 6. Let h be b(-5). Let w(z) = -z**2 + 5*z + 3. List the prime factors of w(h).
7
Let a = -3 - -11. List the prime factors of a.
2
Suppose -5*n + 46 = 2*o, 6*n - 27 = 3*n - o. Let k = n - 6. List the prime factors of k/(-8) + 73/4.
2, 3
Let d be (-18)/(0 - 6/8). Suppose 2*p + 2*p - d = 0. List the prime factors of p.
2, 3
Suppose 2*z = 15 + 95. What are the prime factors of z?
5, 11
Suppose -2*j + 8 = -0. Let u = 8 - j. Suppose -u*v + 4 = -0*v + d, -2*d = -3*v + 14. List the prime factors of v.
2
Let a(i) = 2*i. Let k be a(2). List the prime factors of (-217)/(-28) - (-1)/k.
2
Suppose -8*v + 966 + 122 = 0. List the prime factors of v.
2, 17
Suppose 0 = 3*t - 2*h + 1 + 1, -3*h = -4*t - 2. Let x be t*5/2 - 1. List the prime factors of ((-45)/x)/(2/4).
3, 5
Let n(c) = -2*c**2 + 5*c - 2. Let p be n(4). Let d = p - -30. List the prime factors of d.
2
Let u be (-1 - -1)/1 + 3. Let h = 5 - u. Suppose 0 = 4*f - 20, 7*w + 5*f - 90 = h*w. What are the prime factors of w?
13
Suppose -5*u - 7 = -j - 63, -3*j - 14 = -u. Let w = 1 - u. Let x = 13 + w. What are the prime factors of x?
3
Let t(k) = -k**3 - 1 - 3 + k**2 + 6. What are the prime factors of t(0)?
2
Let v be 0 + 2 + -3 - -11. What are the prime factors of (11/(-2))/((-5)/v)?
11
Let g = -25 + 15. Let y(b) = b**2 + 9*b + 3. What are the prime factors of y(g)?
13
Let f be (-3)/5 - (-24)/(-10). List the prime factors of (-5)/(20/(-24)) + f.
3
List the prime factors of 1 + (3 - (0 + -33)).
37
Let l = -24 + 45. Suppose -2*d + 3*k - 14 = 0, -k + 17 + 18 = -5*d. Let q = l + d. What are the prime factors of q?
2, 7
Let u(b) = b**2 - b - 1. Let i(g) = g**3 + 3*g**2 - 3*g + 9. Let l(h) = -i(h) - 5*u(h). List the prime factors of l(-9).
5
Let v(z) = z - 3. Let r be v(3). Suppose r = 3*c - 84 - 12. Suppose 5*g - 62 = -3*f, 4*f - 4 = -2*g + c. List the prime factors of g.
2, 5
Let v(s) = -s + 2. Suppose 0 = 3*j + 9 + 9. Let y be v(j). Suppose 4*c - 5*c = -y. List the prime factors of c.
2
List the prime factors of ((-302)/(-4))/((-1)/(-2)).
151
Suppose 5*z - 39 = -2*a, -4*a + 2*a - 17 = -3*z. Suppose -z*t = -6*t - 2. List the prime factors of t.
2
Let p = 60 - 51. What are the prime factors of p?
3
Let g = 323 - 128. What are the prime factors of g?
3, 5, 13
Let j = 162 - 47. What are the prime factors of j?
5, 23
Suppose 3*n - 7 - 2 = 0. Suppose 3*b = n + 3. What are the prime factors of b?
2
Suppos